e prime factors of 14257548?
2, 3, 396043
List the prime factors of 2370295.
5, 474059
List the prime factors of 128369.
137, 937
What are the prime factors of 263281?
23, 11447
List the prime factors of 14201823.
3, 4733941
List the prime factors of 948130.
2, 5, 59, 1607
List the prime factors of 28258199.
17, 199, 8353
What are the prime factors of 17494608?
2, 3, 364471
List the prime factors of 303270.
2, 3, 5, 11, 919
List the prime factors of 1878269.
569, 3301
What are the prime factors of 14699648?
2, 41, 2801
List the prime factors of 64246.
2, 7, 13, 353
List the prime factors of 104047.
104047
List the prime factors of 12678.
2, 3, 2113
What are the prime factors of 13391831?
13391831
List the prime factors of 378901.
378901
List the prime factors of 10702379.
67, 159737
List the prime factors of 505058.
2, 19, 13291
List the prime factors of 1297614.
2, 3, 23, 9403
What are the prime factors of 34590813?
3, 11530271
List the prime factors of 920102.
2, 460051
What are the prime factors of 1516182?
2, 3, 59, 4283
What are the prime factors of 12315931?
37, 43, 7741
What are the prime factors of 176351?
7, 59, 61
What are the prime factors of 209192?
2, 79, 331
What are the prime factors of 36065211?
3, 7, 13, 17, 19, 409
List the prime factors of 359827.
13, 89, 311
List the prime factors of 4660934.
2, 859, 2713
What are the prime factors of 51201?
3, 5689
List the prime factors of 167993.
7, 103, 233
What are the prime factors of 9038349?
3, 73, 13757
List the prime factors of 8521541.
7, 173909
List the prime factors of 15153861.
3, 5051287
What are the prime factors of 30833641?
29, 211, 5039
What are the prime factors of 1234994?
2, 29, 107, 199
List the prime factors of 30000460.
2, 5, 7, 421, 509
List the prime factors of 8194422.
2, 3, 199, 6863
List the prime factors of 445714.
2, 222857
List the prime factors of 3546281.
3546281
What are the prime factors of 14675877?
3, 543551
What are the prime factors of 188493?
3, 83, 757
List the prime factors of 586713.
3, 223, 877
What are the prime factors of 4522343?
7, 127, 5087
What are the prime factors of 1801773?
3, 107, 1871
What are the prime factors of 3686?
2, 19, 97
List the prime factors of 2530739.
17, 148867
What are the prime factors of 4578229?
101, 45329
What are the prime factors of 2285803?
13, 17, 10343
List the prime factors of 202929.
3, 17, 23, 173
What are the prime factors of 3606639?
3, 47, 25579
What are the prime factors of 2951044?
2, 71, 10391
List the prime factors of 2862243.
3, 227, 467
What are the prime factors of 12692041?
547, 23203
List the prime factors of 3833142.
2, 3, 638857
List the prime factors of 526887.
3, 58543
List the prime factors of 70312.
2, 11, 17, 47
List the prime factors of 15549546.
2, 3, 37, 89, 787
What are the prime factors of 742577?
11, 17, 19
List the prime factors of 10469689.
10469689
List the prime factors of 592265.
5, 118453
List the prime factors of 160738.
2, 80369
What are the prime factors of 9519753?
3, 863, 3677
List the prime factors of 19440866.
2, 9720433
What are the prime factors of 206819?
206819
List the prime factors of 517549.
517549
What are the prime factors of 1520264?
2, 307, 619
List the prime factors of 2919357.
3, 7, 149, 311
List the prime factors of 123696.
2, 3, 859
List the prime factors of 1264970.
2, 5, 7, 17, 1063
What are the prime factors of 539715?
3, 5, 11, 3271
What are the prime factors of 3648619?
13, 59, 67, 71
What are the prime factors of 740648?
2, 92581
List the prime factors of 46550.
2, 5, 7, 19
What are the prime factors of 278876?
2, 13, 31, 173
What are the prime factors of 15954?
2, 3, 2659
What are the prime factors of 2153485?
5, 430697
What are the prime factors of 204956?
2, 51239
What are the prime factors of 1116903?
3, 23, 16187
What are the prime factors of 2728792?
2, 11, 2819
What are the prime factors of 12728943?
3, 401, 3527
What are the prime factors of 3987642?
2, 3, 311, 2137
List the prime factors of 343834.
2, 171917
List the prime factors of 1306147.
23, 109, 521
List the prime factors of 151754.
2, 23, 3299
What are the prime factors of 19717244?
2, 577, 8543
List the prime factors of 7533110.
2, 5, 13, 57947
What are the prime factors of 711009?
3, 13, 59, 103
List the prime factors of 7695419.
67, 331, 347
List the prime factors of 6020335.
5, 647, 1861
List the prime factors of 595837.
11, 54167
List the prime factors of 1219403.
163, 7481
What are the prime factors of 11934430?
2, 5, 1193443
List the prime factors of 196662.
2, 3, 73, 449
What are the prime factors of 26939582?
2, 53, 254147
What are the prime factors of 35828567?
35828567
List the prime factors of 86199.
3, 59, 487
What are the prime factors of 3037567?
13, 41, 139
What are the prime factors of 183411?
3, 6793
List the prime factors of 758384.
2, 11, 31, 139
List the prime factors of 1419962.
2, 709981
List the prime factors of 10010525.
5, 7, 57203
List the prime factors of 376951.
59, 6389
List the prime factors of 5296704.
2, 3, 7, 563
List the prime factors of 10064050.
2, 5, 201281
List the prime factors of 3714325.
5, 148573
List the prime factors of 43611.
3, 14537
What are the prime factors of 15066203?
3821, 3943
What are the prime factors of 332051?
23, 14437
List the prime factors of 143909.
143909
List the prime factors of 270676.
2, 7, 1381
What are the prime factors of 631541?
19, 43, 773
What are the prime factors of 6380382?
2, 3, 1063397
List the prime factors of 1016119.
13, 78163
List the prime factors of 10382123.
127, 81749
List the prime factors of 4581398.
2, 17, 127, 1061
What are the prime factors of 13717317?
3, 17, 277, 971
What are the prime factors of 4208394?
2, 3, 701399
List the prime factors of 237264.
2, 3, 4943
What are the prime factors of 605349?
3, 67261
What are the prime factors of 10722155?
5, 17, 126143
What are the prime factors of 5932610?
2, 5, 593261
What are the prime factors of 1464099?
3, 7, 13, 31, 173
List the prime factors of 2554599.
3, 167, 5099
List the prime factors of 407178.
2, 3, 22621
What are the prime factors of 656020?
2, 5, 32801
List the prime factors of 12674931.
3, 4224977
List the prime factors of 11376736.
2, 7, 50789
What are the prime factors of 3225161?
3225161
What are the prime factors of 317751?
3, 7, 15131
List the prime factors of 297022.
2, 11, 23, 587
List the prime factors of 8103537.
3, 13, 23087
List the prime factors of 65060.
2, 5, 3253
List the prime factors of 2808778.
2, 7, 28661
What are the prime factors of 5312970?
2, 3, 5, 13, 19, 239
List the prime factors of 2473449.
3, 11, 17, 4409
List the prime factors of 182113.
269, 677
List the prime factors of 2621318.
2, 7, 187237
What are the prime factors of 8972615?
5, 1794523
List the prime factors of 6445747.
7, 11, 97, 863
What are the prime factors of 33638252?
2, 53, 101, 1571
List the prime factors of 188630.
2, 5, 13, 1451
List the prime factors of 9844812.
2, 3, 19, 37, 389
List the prime factors of 275357.
275357
List the prime factors of 1131865.
5, 7, 73, 443
What are the prime factors of 2799451?
2799451
List the prime factors of 2195895.
3, 5, 13, 11261
What are the prime factors of 1502079?
3, 500693
List the prime factors of 40835.
5, 8167
List the prime factors of 3783453.
3, 47, 26833
List the prime factors of 5478291.
3, 7, 13, 6689
List the prime factors of 445227.
3, 19, 73, 107
List the prime factors of 376231.
376231
What are the prime factors of 5076969?
3, 61, 27743
What are the prime factors of 63797?
131, 487
What are the prime factors of 13962?
2, 3, 13, 179
List the prime factors of 884706.
2, 3, 147451
What are the prime factors of 4523528?
2, 565441
List the prime factors of 936824.
2, 7, 16729
What are the prime factors of 23509533?
3, 853, 9187
List the prime factors of 3156117.
3, 1052039
What are the prime factors of 4371808?
2, 7, 29, 673
List the prime factors of 17153809.
67, 503, 509
List the prime factors of 134861.
17, 7933
What are the prime factors of 1105425?
3, 5, 17
List the prime factors of 30021778.
2, 1019, 14731
List the prime factors of 2433854.
2, 29, 1447
List the prime factors of 140871.
3, 46957
List the prime factors of 7064902.
2, 13, 281, 967
List the prime factors of 12985558.
2